{"id":864,"date":"2012-04-17T15:37:39","date_gmt":"2012-04-17T15:37:39","guid":{"rendered":"http:\/\/www.beerpong.at\/?page_id=864"},"modified":"2012-04-17T15:49:39","modified_gmt":"2012-04-17T15:49:39","slug":"regelwerk","status":"publish","type":"page","link":"https:\/\/www.beerpong.at\/?page_id=864","title":{"rendered":"Regelwerk"},"content":{"rendered":"<p><span style=\"color: #66ccff;\"><strong>Turniermodus:<\/strong><\/span><br \/>\nGespielt wird Beer Pong im Modus Gruppenphase inkl. KO Runde.<br \/>\nEin Team besteht aus zwei Spielern. Mixed Teams sind erlaubt (m\u00e4nnlich\/weiblich).<br \/>\nDas Mindestalter zur Teilnahme betr\u00e4gt 18 Jahre.<br \/>\nDie Cups werden mit Bier oder wahlweise mit Wasser gef\u00fcllt.<\/p>\n<p><span style=\"color: #66ccff;\"><strong>Becher Aufstellung:<\/strong><\/span><br \/>\nDie Becher werden zu Beginn jedes Spieles in einem Dreieck mit Spitz zur Tischmitte aufgestellt. Getroffene Becher werden nicht sofort entfernt. Auf Grund der Same Cup Regel, bleibt der getroffene Becher inkl. Ball am Tisch. Sobald nur noch 6, 3 oder 1 Becher vorhanden sind, kann ein <span style=\"color: #66ccff;\"><strong>Re-rack<\/strong><\/span> verlangt werden. Ein <span style=\"color: #66ccff;\"><strong>Re-rack<\/strong><\/span> w\u00e4hrend einer Runde, also nach einem Treffer des ersten Spielers ist nicht erlaubt. Die Oberkanten der Becher haben sich zu ber\u00fchren. Bei Verrutschen m\u00fcssen diese wieder in die urspr\u00fcngliche Position gebracht werden (<span style=\"color: #66ccff;\"><strong>Housekeeping<\/strong><\/span>), dies kann auch durch das gegnerische Team eingefordert werden. Jedes Team f\u00fcllt seine Cups mit 0,5l Bier. Das Bier ist gleichm\u00e4\u00dfig auf die Cups aufzuteilen.<\/p>\n<p><span style=\"color: #66ccff;\"><strong>Leaning:<\/strong><\/span><br \/>\nDie Spieler der Teams stehen sich an den Kopfseiten des Spieltisches gegen\u00fcber. W\u00e4hrend des Wurfs darf der Spieler sich so weit aus eigener Kraft m\u00f6glich \u00fcber den Tisch lehnen. Hilfsmittel (Abst\u00fctzen am Tisch, Halten des Partners) sind nicht erlaubt. D.h. der Tisch darf beim <strong>Leaning<\/strong> seitlich an der Stirnseite ber\u00fchrt werden, die Oberfl\u00e4che jedoch in keiner Phase des Wurfes.<\/p>\n<p><span style=\"color: #66ccff;\"><strong>Spielmodus:<\/strong><\/span><br \/>\nDas Team mit dem ersten Wurf bekommt nur einen Ball, in weiterer Folge bekommen die Teams 2 W\u00fcrfe pro Runde. Treffen beide Spieler eines Teams, d\u00fcrfen beide nochmals werfen (<span style=\"color: #66ccff;\"><strong>Balls Back<\/strong><\/span>). Neben direkten, sind auch <span style=\"color: #66ccff;\"><strong>Bouncing Balls<\/strong><\/span> erlaubt, diese z\u00e4hlen je Ber\u00fchrung mit dem Tisch einen zus\u00e4tzlichen Becher. B\u00e4lle d\u00fcrfen verteidigt werden, sobald sie Tisch oder Becher ber\u00fchrt haben.<em> <\/em>Im Becher kreiselnde B\u00e4lle d\u00fcrfen ebenfalls durch herausblasen oder heruasfingern verteidigt werden. Der Becher gilt aber als getroffen sobald der Ball den Becherinhalt eindeutig ber\u00fchrt.<\/p>\n<p><span style=\"color: #66ccff;\"><strong>Umgefallene Becher:<\/strong><\/span><br \/>\nVors\u00e4tzliches Umschie\u00dfen oder -werfen eines Bechers f\u00fchrt zum Turnierausschluss. Wird ein eigener Becher umgeworfen (etwa beim Leaning), so z\u00e4hlt dieser als getroffen. F\u00e4llt ein Becher im Zuge eines Wurfes um, gilt dies als Treffer, solange der Ball sichtilich den Becherinhalt ber\u00fchrt hat.<\/p>\n<p><span style=\"color: #66ccff;\"><strong>Spielerverhalten:<\/strong><\/span><br \/>\nDie Spieler des Teams m\u00fcssen sich w\u00e4hrend des Spielverlaufes am eignen Tischende aufhalten. Ein Eingriff in den gegnerischen Bereich ist nicht erlaubt. Spieler m\u00fcssen zumindest die Hose anbehalten. W\u00e4hrend jeglicher Ablenkungsversuche muss die Sicht auf die Becher frei bleiben. \u00dcber der Spielfl\u00e4che getroffene K\u00f6rperteile werden als Bechertreffer gewertet<\/p>\n<p><span style=\"color: #66ccff;\"><strong>Spielende und Overtime:<\/strong><\/span><br \/>\n<\/em><\/span>Overtime wird in Vorrunde und Play Off mit Wasser gespielt. Um die Overtime zu erreichen, darf solange nachgeworfen werden, bis ein Spieler nicht mehr trifft (Ausnahmen siehe Overtime Regel). Gelingt es dem nachwerfenden Team alle restlichen Becher in einem Zug zu treffen, gibt es eine Overtime mit 3 Wasser-Bechern. Das Overtime erzwingende Team darf diese beginnen. Bei Spielende muss das Ergebnis dem Turnierleiter durch das Siegerteam mitgeteilt werden.<\/p>\n<p><span style=\"color: #66ccff;\"><strong>Schiedsrichter und Regelverst\u00f6\u00dfe:<\/strong><\/span><br \/>\nDie Teams haben ehrenvoll die Regeln zu beachten und sich gegenseitig zu kontrollieren. Verst\u00f6\u00dfe gegen die Regeln werden mit Becherverlust oder Spielausschluss bestraft. Im Zweifelsfall hat der Schiedsrichter das letzte Wort.<\/p>\n<p><span style=\"color: #66ccff;\"><strong>Teamjoker:<\/strong><\/span><br \/>\nEin Team bestehend aus seinen zwei Gr\u00fcndern kann pro Turnierserie einen einmaligen Spielerjoker aufstellen. Jokerspieler m\u00fcssen dem Organisationsteam vor Turnierbeginn gemeldet werden (vor allem beim Einsatz eines Jokers im 1. Turnier einer Serie). Bei aktiven Teams entscheidet der Vorstand.<strong><\/strong><\/p>\n<p><span style=\"color: #66ccff;\"><strong>Same Cup:<\/strong><\/span><br \/>\nWenn beide Spieler in einer Runde des Spieles den gleichen Cup treffen, so hat dies folgende Konsequenzen: Das gegnerische Team muss drei Cups trinken. Einer davon ist der getroffene. Die anderen zwei sind vom verteidigenden Team auszusuchen. Laut Balls Back Regel erh\u00e4lt das werfende Team beide B\u00e4lle zur\u00fcck<strong><\/strong><\/p>\n<p><span style=\"color: #66ccff;\"><strong>Death Cup:<\/strong><\/span><br \/>\nTrifft ein Spieler einen Cup, der in einer vorhergehenden Runde des selben Spieles schon getroffen wurde, aber vom gegnerischen Team noch nicht getrunken wurde, so ist das der Death Cup. Das Treffen des Death Cup hat ein sofortiges Ende des Spieles zur Folge<\/p>\n","protected":false},"excerpt":{"rendered":"<p>Turniermodus: Gespielt wird Beer Pong im Modus Gruppenphase inkl. KO Runde. Ein Team besteht aus zwei Spielern. Mixed Teams sind erlaubt (m\u00e4nnlich\/weiblich). Das Mindestalter zur Teilnahme betr\u00e4gt 18 Jahre. Die Cups werden mit Bier oder wahlweise mit Wasser gef\u00fcllt. Becher Aufstellung: Die Becher werden zu Beginn jedes Spieles in einem Dreieck mit Spitz zur Tischmitte &hellip; <a href=\"https:\/\/www.beerpong.at\/?page_id=864\" class=\"more-link\"><span class=\"screen-reader-text\">&#8222;Regelwerk&#8220; <\/span>weiterlesen<\/a><\/p>\n","protected":false},"author":1,"featured_media":0,"parent":348,"menu_order":1,"comment_status":"closed","ping_status":"closed","template":"","meta":{"ngg_post_thumbnail":0,"spay_email":""},"jetpack_sharing_enabled":true,"jetpack_shortlink":"https:\/\/wp.me\/P1hsGh-dW","_links":{"self":[{"href":"https:\/\/www.beerpong.at\/index.php?rest_route=\/wp\/v2\/pages\/864"}],"collection":[{"href":"https:\/\/www.beerpong.at\/index.php?rest_route=\/wp\/v2\/pages"}],"about":[{"href":"https:\/\/www.beerpong.at\/index.php?rest_route=\/wp\/v2\/types\/page"}],"author":[{"embeddable":true,"href":"https:\/\/www.beerpong.at\/index.php?rest_route=\/wp\/v2\/users\/1"}],"replies":[{"embeddable":true,"href":"https:\/\/www.beerpong.at\/index.php?rest_route=%2Fwp%2Fv2%2Fcomments&post=864"}],"version-history":[{"count":14,"href":"https:\/\/www.beerpong.at\/index.php?rest_route=\/wp\/v2\/pages\/864\/revisions"}],"predecessor-version":[{"id":885,"href":"https:\/\/www.beerpong.at\/index.php?rest_route=\/wp\/v2\/pages\/864\/revisions\/885"}],"up":[{"embeddable":true,"href":"https:\/\/www.beerpong.at\/index.php?rest_route=\/wp\/v2\/pages\/348"}],"wp:attachment":[{"href":"https:\/\/www.beerpong.at\/index.php?rest_route=%2Fwp%2Fv2%2Fmedia&parent=864"}],"curies":[{"name":"wp","href":"https:\/\/api.w.org\/{rel}","templated":true}]}}